the remainder when 832132 is divided by 2405.
2
What is the remainder when 1996100 is divided by 197?
96
Calculate the remainder when 13327465 is divided by 23.
0
What is the remainder when 1960873 is divided by 147?
40
What is the remainder when 51587015 is divided by 22?
7
Calculate the remainder when 2119458 is divided by 4.
2
Calculate the remainder when 6399815 is divided by 278248.
111
Calculate the remainder when 72288 is divided by 2059.
223
What is the remainder when 15134 is divided by 1065?
224
Calculate the remainder when 6288777 is divided by 848.
9
What is the remainder when 43056821 is divided by 4206?
4205
Calculate the remainder when 14159851 is divided by 48.
43
Calculate the remainder when 4320548 is divided by 339.
332
Calculate the remainder when 68701 is divided by 178.
171
Calculate the remainder when 21355 is divided by 10337.
681
What is the remainder when 36721 is divided by 74?
17
Calculate the remainder when 50354217 is divided by 25177041.
135
What is the remainder when 3882 is divided by 776?
2
Calculate the remainder when 44169445 is divided by 13.
8
Calculate the remainder when 2579238 is divided by 16.
6
Calculate the remainder when 2518012 is divided by 2371.
10
Calculate the remainder when 33051447 is divided by 1984.
1975
Calculate the remainder when 332038 is divided by 129.
121
Calculate the remainder when 68894 is divided by 1952.
574
What is the remainder when 18650327 is divided by 50?
27
Calculate the remainder when 539712 is divided by 179675.
687
What is the remainder when 923639 is divided by 83965?
24
What is the remainder when 51805934 is divided by 1564?
1562
What is the remainder when 2280287 is divided by 343?
23
Calculate the remainder when 3909 is divided by 320.
69
Calculate the remainder when 80232279 is divided by 78.
75
Calculate the remainder when 3949267 is divided by 1233.
1201
What is the remainder when 32479 is divided by 1203?
1201
Calculate the remainder when 10564 is divided by 2629.
48
What is the remainder when 8044095 is divided by 6425?
6420
What is the remainder when 38216 is divided by 2313?
1208
Calculate the remainder when 747060 is divided by 3754.
14
What is the remainder when 124907 is divided by 98?
55
What is the remainder when 592601 is divided by 3368?
3201
What is the remainder when 23609159 is divided by 3952?
3863
Calculate the remainder when 154823 is divided by 905.
68
Calculate the remainder when 88905759 is divided by 1588.
1579
What is the remainder when 136300 is divided by 17033?
36
Calculate the remainder when 145369 is divided by 46342.
6343
Calculate the remainder when 24092 is divided by 511.
75
What is the remainder when 40392303 is divided by 3032?
3031
What is the remainder when 71391054 is divided by 11?
9
What is the remainder when 19048155 is divided by 745?
740
What is the remainder when 2540852 is divided by 84?
20
What is the remainder when 12779 is divided by 6266?
247
Calculate the remainder when 65278987 is divided by 9266.
17
Calculate the remainder when 10732173 is divided by 3276.
3273
What is the remainder when 26542109 is divided by 4423680?
29
Calculate the remainder when 5423542 is divided by 145.
107
Calculate the remainder when 179012 is divided by 35646.
782
Calculate the remainder when 466513 is divided by 93292.
53
Calculate the remainder when 86125 is divided by 5539.
3040
What is the remainder when 780720 is divided by 421?
186
Calculate the remainder when 3237407 is divided by 288.
287
Calculate the remainder when 48238 is divided by 5350.
88
Calculate the remainder when 5779978 is divided by 1696.
10
Calculate the remainder when 150155 is divided by 50029.
68
Calculate the remainder when 2501766 is divided by 227397.
399
What is the remainder when 126296 is divided by 2154?
1364
Calculate the remainder when 137546 is divided by 137113.
433
What is the remainder when 120520131 is divided by 9?
6
Calculate the remainder when 113272617 is divided by 18878769.
3
Calculate the remainder when 632734 is divided by 48654.
232
What is the remainder when 297947 is divided by 18?
11
Calculate the remainder when 11211855 is divided by 238550.
5
What is the remainder when 1864797 is divided by 3837?
15
Calculate the remainder when 483248 is divided by 120202.
2440
Calculate the remainder when 188329 is divided by 6703.
645
Calculate the remainder when 634898 is divided by 3968.
18
What is the remainder when 5208097 is divided by 4692?
4669
Calculate the remainder when 70167 is divided by 34526.
1115
Calculate the remainder when 430584566 is divided by 10.
6
Calculate the remainder when 25918068 is divided by 244510.
8
Calculate the remainder when 9210382 is divided by 200.
182
Calculate the remainder when 4808480 is divided by 37.
34
What is the remainder when 2330578 is divided by 310?
308
Calculate the remainder when 130669351 is divided by 141.
139
What is the remainder when 2221191 is divided by 47?
18
Calculate the remainder when 27908235 is divided by 1310.
1305
What is the remainder when 40048 is divided by 92?
28
Calculate the remainder when 1617247 is divided by 539048.
103
What is the remainder when 112636946 is divided by 37?
29
What is the remainder when 27649 is divided by 2740?
249
Calculate the remainder when 13263952 is divided by 344.
0
Calculate the remainder when 6140905 is divided by 307043.
45
What is the remainder when 5689782 is divided by 112?
70
Calculate the remainder when 1039924 is divided by 207967.
89
What is the remainder when 2877981 is divided by 281?
260
Calculate the remainder when 96938 is divided by 16131.
152
Calculate the remainder when 498149 is divided by 10377.
53
Calculate the remainder when 7941986 is divided by 21.
17
What is the remainder when 88345978 is divided by 2007863?
6
What is the remainder when 82171 is divided by 82109?
62
What is the remainder when 134616 is divided by 3541?
58
Calculate the remainder when 106592 is divided by 53244.
104
Calculate the remainder when 27795093 is divided by 36381.
9
What is the remainder when 1088581 is divided by 233?
5
Calculate the remainder when 589450 is divided by 2083.
2044
Calculate the remainder when 18806 is divided by 4536.
662
Calculate the remainder when 445196 is divided by 2035.
1566
Calculate the remainder when 614090 is divided by 2317.
85
Calculate the remainder when 10261278 is divided by 80.
78
Calculate the remainder when 15724414 is divided by 311.
254
Calculate the remainder when 655827 is divided by 160946.
12043
What is the remainder when 130498321 is divided by 563?
551
Calculate the remainder when 1108925 is divided by 22628.
153
What is the remainder when 2532758990 is divided by 2161?
2160
What is the remainder when 7241 is divided by 3233?
775
What is the remainder when 2433922 is divided by 2433851?
71
Calculate the remainder when 311938 is divided by 103961.
55
Calculate the remainder when 259132386 is divided by 16213.
7
What is the remainder when 42434 is divided by 14039?
317
Calculate the remainder when 884313 is divided by 294683.
264
What is the remainder when 5196449 is divided by 145?
84
Calculate the remainder when 717204 is divided by 3697.
3683
Calculate the remainder when 6795816 is divided by 329.
321
What is the remainder when 1446217 is divided by 723088?
41
What is the remainder when 44918250 is divided by 2125?
0
Calculate the remainder when 1465195 is divided by 732594.
7
What is the remainder when 11065596 is divided by 134?
10
Calculate the remainder when 2895595 is divided by 267.
247
What is the remainder when 625355 is divided by 312669?
17
Calculate the remainder when 4848307 is divided by 224.
51
Calculate the remainder when 6223145 is divided by 110.
5
Calculate the remainder when 5790166 is divided by 2420.
1526
What is the remainder when 4624107951 is divided by 786?
783
What is the remainder when 194457836 is divided by 896119?
13
What is the remainder when 61210658 is divided by 12242131?
3
Calculate the remainder when 14797 is divided by 345.
307
Calculate the remainder when 253290 is divided by 120.
90
What is the remainder when 7269173 is divided by 623?
9
Calculate the remainder when 8390942 is divided by 2796970.
32
Calculate the remainder when 442429 is divided by 44228.
149
Cal